 units digit of w?
1
What is the tens digit of 50 + (3 - 3)/3?
5
Let m = 253 - 131. What is the tens digit of m?
2
Let h = 0 + -2. Let a = h + 4. Let r(g) = -g**3 + 3*g**2 + 2*g - 2. What is the units digit of r(a)?
6
Suppose q + 179 = 2*s, 5*s - 3*q - 437 = -4*q. Suppose 0 = 3*x - 7*x + s. What is the tens digit of x?
2
Suppose -4*i + 1 + 7 = 0. Let p(v) = -1 + v**i - 4*v - 1 + 3. What is the units digit of p(4)?
1
Let n(r) = r. Suppose 5*d - 42 = -3*z, 4*z = -4*d + 6*z + 16. What is the units digit of n(d)?
6
Suppose -4*s = -88 - 76. What is the tens digit of s?
4
Suppose -2*k = 2*k - 88. What is the tens digit of k?
2
Let r be 0/7*(-2)/4. Let y = -1 - r. Let k = y + 2. What is the units digit of k?
1
Suppose -2*k = -2*h + 14 - 4, -4*h = 3*k - 6. Let w = h - 0. Let v(i) = i**3 - 3*i**2 + 1. What is the units digit of v(w)?
1
Suppose 12*u = 1018 + 842. What is the tens digit of u?
5
Let u(m) = m**2 + 8*m - 6. Let v be 2 - 11/(1 - 0). Let r be u(v). Suppose 0*h + 5*p + 55 = 2*h, -h + r*p = -30. What is the units digit of h?
5
What is the tens digit of (-5)/(-2)*(5 + -1)?
1
Let j be (-24)/(-14) + 12/42. Suppose -5*g - 42 = l, -3*l - 33 = -4*g - j. Let c = 27 + l. What is the units digit of c?
0
What is the units digit of (33 - 0)/(-17 + 18)?
3
What is the hundreds digit of 10/4*-13*16/(-5)?
1
Suppose -11 = -m - 0*m. What is the tens digit of m?
1
Let l(m) = m**3 + m**2 - 11*m - 4. What is the tens digit of l(5)?
9
Let l(r) = -2*r - 6. Let x be l(-6). What is the units digit of x/15 - 156/(-10)?
6
Suppose -3*t = 9, 2*k - 4*k + 23 = -t. Let o = k - 6. Suppose o*f - 16 = -4. What is the units digit of f?
3
What is the tens digit of 59 + (-6)/2*1/(-3)?
6
Let a(f) = -14*f + 2. What is the units digit of a(-4)?
8
Let u be (-4)/10 + (-486)/10. Let m = u - -72. What is the units digit of m?
3
Let w(i) = i + 18. Let l be w(0). What is the units digit of 6/27 - (-230)/l?
3
What is the tens digit of (-2)/(0 + -4)*32?
1
Suppose -1 = w - 3. Suppose w*o = -2, -x + 27 = 4*o - 5*o. What is the tens digit of x?
2
Let u(m) = -15*m + 5*m**2 - 2 + 0*m**2 - 4*m**2 + 15. What is the tens digit of u(15)?
1
Let j = -102 + 115. What is the tens digit of j?
1
Let d(f) = -3*f**2 + 11*f - 18. Let p be ((-1)/3)/((-4)/24). Let z(r) = r**2 - 4*r + 6. Let v(n) = p*d(n) + 7*z(n). What is the units digit of v(6)?
6
Suppose -2*p + 0 = 4. Let a(v) = v**3 - 3*v**2 - 5*v + 4. Let k(s) = 2*s**3 - 2*s**2 - 4*s + 3. Let l(n) = p*a(n) + 3*k(n). What is the units digit of l(1)?
3
Suppose m - 3*m + 324 = -3*c, c - 475 = -3*m. What is the units digit of m?
9
Let x(k) = -k**3 - 5*k**2 + 2*k - 4. What is the units digit of x(-7)?
0
Let k(l) = 2*l + 3. Let m be k(6). Suppose 4*w - 9*w = -m. What is the units digit of w?
3
Suppose 0 = -k + 4*k - 27. What is the units digit of (k/(-5))/(2/(-10))?
9
Suppose -4*l - 5*h = -745, -2*l = -l - 2*h - 170. Suppose -5*o + x + l = -3*x, 2*x + 138 = 4*o. What is the units digit of o?
2
Suppose q = 2*w - 37 - 1, -2*q = w + 61. What is the units digit of 4/6 - q/6?
6
Let m(u) = u**3 - 5*u**2 + 3. Let d be m(5). Suppose c + 14 = d*c. Suppose -14 = -i + 2*z, -3*i - 4*z - 36 = -c*i. What is the units digit of i?
4
Suppose -7*r + 584 = -676. What is the hundreds digit of r?
1
Let t(o) = 2*o - 4. Let d be t(4). Let w(h) = -h**2 + 4*h - 4. Let u be w(d). Let i(m) = -m - 2. What is the units digit of i(u)?
2
Suppose -g - 3*w = 4*g - 25, 0 = -3*g + 2*w - 4. Suppose 4*p - 3*p = g. Let o = p + 3. What is the units digit of o?
5
Let z(k) = k**2 + k - 2. Let s(h) = h**2 + 8*h + 9. Let u be s(-6). What is the units digit of z(u)?
4
Let i be ((-1)/(-2))/((-2)/(-8)). Let q be (-3 - -1)*(-9 + i). Let f = q + -8. What is the units digit of f?
6
Let d(z) = 11*z**2 + 27*z - 6. What is the units digit of d(-7)?
4
Let x be (40/14)/((-4)/(-14)). Let t = x - 6. What is the units digit of t?
4
Suppose 44 = 2*c - g, -92 = -4*c - 3*g + 4*g. Let j = c + -19. What is the units digit of j?
5
Suppose -6*w = -2*w - 5*c + 85, 0 = 2*w - 2*c + 44. Let t = -49 - w. Let d = t - -34. What is the tens digit of d?
1
Suppose -j + 10 + 1 = 0. What is the tens digit of j?
1
Let b be (-3 + 1)/(-2) - -14. Let g be ((-264)/(-77))/(4/14). Suppose g + b = 3*t. What is the units digit of t?
9
Suppose 5*u = -4*p + 6*p + 90, 0 = -5*u - 3*p + 115. What is the units digit of u?
0
Let o(z) be the second derivative of z**3/6 + 3*z**2 + 5*z. What is the tens digit of o(9)?
1
Let j(k) = k**2 + k - 1. Let a be j(-3). Suppose 3*g - 85 = -4*c + 8*g, 55 = a*c + 4*g. What is the units digit of c?
5
Let f = -1 - -5. Let h(a) = -2*a**3 + a**2 + a + 1. Let o be h(-1). Suppose o*l + 3 = f*l. What is the units digit of l?
3
Suppose 6*o - 270 = o. Suppose -4*l + o = -2*t, 0 = -0*t + 4*t + 20. What is the units digit of l?
1
Suppose 3*z + 6 = 0, 0 = 4*l - 3*l + 4*z + 1. Let j = -1 + 2. Let q = j + l. What is the units digit of q?
8
Let j = 14 - 11. Suppose -j*z + 1 = -2*w + 98, -3*z = -4*w + 179. What is the tens digit of w?
4
Let a(q) = -8*q - 27. What is the tens digit of a(-8)?
3
Suppose 285 = 8*q - 3*q. Suppose -q = -5*p + 3. What is the tens digit of p?
1
Suppose k - 15 = -4*k - w, -k = 3*w + 11. What is the units digit of k?
4
Let a(b) = b**3 + 7*b**2 + b + 10. Let t be ((-28)/12)/((-1)/(-3)). Let n be a(t). Suppose 2*s = 4*s + 3*u - 22, -n*s + 40 = u. What is the units digit of s?
4
Suppose 2*j + 27 = -5*p, 8*p + 33 = -3*j + 3*p. Let k = -3 - j. Suppose k*m - 4*c - 29 = 0, 4*c = -0*c - 20. What is the units digit of m?
3
Suppose l + 2 - 5 = 0. Suppose -2*b - 2 = 0, 4 - 11 = -x + 4*b. Suppose 3*m + x*o - 24 = 0, 0 = -4*m - 6*o + l*o + 30. What is the units digit of m?
6
What is the tens digit of 442/(-8)*28/35*-5?
2
Let k(j) be the third derivative of j**6/120 + 7*j**5/60 - j**4/8 + j**3/2 + 5*j**2. What is the units digit of k(-7)?
4
Let j(y) = 8*y. Let t = 9 + -6. Suppose 0 = 3*f - p - 2, -2*p - 2*p = t*f - 7. What is the units digit of j(f)?
8
Suppose -5*u + 117 = -3. What is the tens digit of u?
2
Let f(w) = -4*w - 3. What is the units digit of f(-3)?
9
Let v(y) = 7*y - 1. Let f be v(1). Suppose -5*s - 24 = -f*s. What is the units digit of s?
4
Let p(o) = -o**3 + 16*o**2 - 12*o - 5. What is the units digit of p(13)?
6
Suppose 3*u - 3 = -4*o - 0*u, -o = -5*u - 18. What is the units digit of o?
3
Suppose -8*a = -5*a - 99. What is the tens digit of a?
3
Let d be ((-8)/(-8))/(2/18). Suppose 0 = 4*s, w + d = 2*w + s. What is the units digit of w?
9
Let o(g) = g**3 + 6*g**2 + 5*g - 2. Let r be o(-5). Let c = r + 4. What is the units digit of c?
2
Let g = 81 + 17. What is the units digit of g?
8
Let s(t) = -t**2 - 6*t + 8. Let y(u) = u**2 - 6*u + 1. Let p be y(4). Let v be s(p). Suppose -3*w + v + 20 = 0. What is the units digit of w?
7
Let i(s) = 4*s**2 + s - 1. Suppose v - 5*v + 4 = 0. Let f be i(v). Suppose 5*z - 6 - f = 0. What is the units digit of z?
2
Let u = -14 - -29. What is the units digit of u?
5
Let n(z) = -15*z**3 + z**2 + 2*z + 1. What is the units digit of n(-1)?
5
Let k(w) = -w**2 + 5*w. Let c be k(4). Let o = c - 0. Suppose -4*v - 19 = g - o*g, -11 = 5*g + 4*v. What is the units digit of g?
1
Suppose -5*v - 3*l + 625 = 0, 3*v - 72 - 307 = -l. What is the hundreds digit of v?
1
Let z(m) = 7*m**3 - m**2 + m - 2. What is the units digit of z(2)?
2
Let m(s) = -s**3 + 18*s**2 - 7*s - 20. What is the tens digit of m(17)?
5
Let d be (-168)/(-32) + 1/(-4). Suppose -d*f + 83 = 13. What is the tens digit of f?
1
Suppose -2*j = -j - 5. Suppose -5*a - j*m + 57 = -4*m, -5*m = 15. What is the tens digit of a?
1
What is the hundreds digit of (-867 - -6)/(-7) - 2/(-1)?
1
Let v(z) = 1. Let x(p) = -p + 10. Let m(n) = -66*v(n) + 6*x(n). Suppose -6 + 2 = k. What is the units digit of m(k)?
8
Let p(b) = -b**3 - 10*b**2 - 9*b + 3. Let g be p(-9). Suppose -7*f + g*f = -8. What is the units digit of f?
2
Let z(c) = -c**2 + 2*c. Let h be z(1). Let w = 9 + h. What is the tens digit of w?
1
Let x(b) = -b**2 - 4*b + 3. Let q be x(-6). Let r = 7 - q. What is the units digit of r?
6
Suppose 4*y + 5*d = 23, 5*y + 2 = -4*d + 33. Let i = 14 - y. What is the units digit of i?
7
Suppose 4*g = 8 - 0, 0 = 5*c + 2*g - 24. What is the tens digit of 14 + (-2)/c*-6?
1
Let l be 4*(21/12 - 1). Suppose 3*r - l*b = r - 25, 4*r = 4*b - 40. Wha